{"id":1748,"date":"2022-07-18T18:10:33","date_gmt":"2022-07-18T16:10:33","guid":{"rendered":"https:\/\/www.mfc-altensteig.de\/?post_type=tribe_events&#038;p=1748"},"modified":"2022-07-18T18:10:33","modified_gmt":"2022-07-18T16:10:33","slug":"helitreffen-und-flugtag-boeblingen","status":"publish","type":"tribe_events","link":"https:\/\/www.mfc-altensteig.de\/?tribe_events=helitreffen-und-flugtag-boeblingen","title":{"rendered":"Helitreffen und Flugtag B\u00f6blingen"},"content":{"rendered":"<div dir=\"ltr\">Sehr geehrter Pilot, sehr geehrte Pilotin,<\/div>\n<div dir=\"ltr\">&nbsp;<\/div>\n<div dir=\"ltr\">im Jahre 2022 m\u00f6chten wir wieder unsere B\u00f6blinger Modellflugtage bestehend aus dem Helitreffen &#8222;unter Freunden&#8220; am 24.09. und dem gro\u00dfen Schauflugtag am 25.09. stattfinden lassen.<\/div>\n<div dir=\"ltr\">&nbsp;<\/div>\n<div dir=\"ltr\">Wie immer lebt eine solche Veranstaltung von den Gastpiloten und der Vielfalt ihrer Modelle die an diesen Tagen das Publikum ins Staunen versetzen werden.<\/div>\n<div dir=\"ltr\">&nbsp;<\/div>\n<div dir=\"ltr\">Wir w\u00fcrden uns \u00fcber zahlreiche G\u00e4ste freuen, auch gerne &#8222;nur&#8220; zum zuschauen \ud83d\ude09<\/div>\n<div dir=\"ltr\">&nbsp;<\/div>\n<div dir=\"ltr\">Wer aktiv am Helitreffen &#8222;unter Freunden&#8220; und\/oder am Schauflugtag mit Modellen teilnehmen m\u00f6chte &#8211; der kann sich auf <a class=\"moz-txt-link-abbreviated\" href=\"http:\/\/www.boeblinger-modellflugtage.de\">www.boeblinger-modellflugtage.de<\/a> online (Pilot und Modelle) anmelden. Wir werden an beiden Tagen eine elektronische &#8222;Rutschtafel&#8220; verwenden, eine online Anmeldung ist da dann die &#8222;Eintrittskarte&#8220; zum Fliegen.<\/div>\n<div dir=\"ltr\">&nbsp;<\/div>\n<div dir=\"ltr\">Wer in 2019 schon &#8222;dabei&#8220; war &#8211; dessen Daten sollten schon da sein. Bitte beachtet dann die Kurzanleitung auf der Startseite unten (kursiv) f\u00fcr den ersten Login.<\/div>\n<div dir=\"ltr\">&nbsp;<\/div>\n<div dir=\"ltr\">Wir freuen uns auf Euch!<\/div>\n<div dir=\"ltr\">&nbsp;<\/div>\n<div dir=\"ltr\">&nbsp;<\/div>\n<div dir=\"ltr\">&nbsp;<\/div>\n<div dir=\"ltr\">&nbsp;<\/div>\n<div dir=\"ltr\">Holm- und Rippenbruch<\/div>\n<div dir=\"ltr\">&nbsp;<\/div>\n<div dir=\"ltr\">MFV B\u00f6blingen<\/div>\n<div dir=\"ltr\">Benedikt Unger (1.Vorsitzender)<\/div>\n<div dir=\"ltr\">Sandra Ickinger (2.Vorsitzende)<\/div>\n<div dir=\"ltr\">Rainer Vetter (Helireferent)<\/div>\n","protected":false},"excerpt":{"rendered":"<p>Sehr geehrter Pilot, sehr geehrte Pilotin, &nbsp; im Jahre 2022 m\u00f6chten wir wieder unsere B\u00f6blinger Modellflugtage bestehend aus dem Helitreffen &#8222;unter Freunden&#8220; am 24.09. und dem gro\u00dfen Schauflugtag am 25.09. [&hellip;]<\/p>\n","protected":false},"author":2,"featured_media":0,"template":"","meta":{"ngg_post_thumbnail":0,"_EventAllDay":true,"_EventTimezone":"Europe\/Berlin","_EventStartDate":"2022-09-24 00:00:00","_EventEndDate":"2022-09-25 23:59:59","_EventStartDateUTC":"2022-09-23 22:00:00","_EventEndDateUTC":"2022-09-25 21:59:59","_EventShowMap":true,"_EventShowMapLink":true,"_EventURL":"","_EventCost":"","_EventCostDescription":"","_EventCurrencySymbol":"","_EventCurrencyCode":"","_EventCurrencyPosition":"suffix","_EventDateTimeSeparator":"","_EventTimeRangeSeparator":"","_EventOrganizerID":[1751],"_EventVenueID":[1750],"_OrganizerEmail":"","_OrganizerPhone":"","_OrganizerWebsite":"","_VenueAddress":"","_VenueCity":"","_VenueCountry":"","_VenueProvince":"","_VenueState":"","_VenueZip":"","_VenuePhone":"","_VenueURL":"","_VenueStateProvince":"","_VenueLat":"","_VenueLng":"","_VenueShowMap":false,"_VenueShowMapLink":false,"_tribe_events_status":"","_tribe_events_status_reason":"","footnotes":""},"tags":[],"tribe_events_cat":[22],"class_list":["post-1748","tribe_events","type-tribe_events","status-publish","hentry","tribe_events_cat-veranstaltung-eines-anderen-vereins","cat_veranstaltung-eines-anderen-vereins"],"_links":{"self":[{"href":"https:\/\/www.mfc-altensteig.de\/index.php?rest_route=\/wp\/v2\/tribe_events\/1748","targetHints":{"allow":["GET"]}}],"collection":[{"href":"https:\/\/www.mfc-altensteig.de\/index.php?rest_route=\/wp\/v2\/tribe_events"}],"about":[{"href":"https:\/\/www.mfc-altensteig.de\/index.php?rest_route=\/wp\/v2\/types\/tribe_events"}],"author":[{"embeddable":true,"href":"https:\/\/www.mfc-altensteig.de\/index.php?rest_route=\/wp\/v2\/users\/2"}],"version-history":[{"count":1,"href":"https:\/\/www.mfc-altensteig.de\/index.php?rest_route=\/wp\/v2\/tribe_events\/1748\/revisions"}],"predecessor-version":[{"id":1749,"href":"https:\/\/www.mfc-altensteig.de\/index.php?rest_route=\/wp\/v2\/tribe_events\/1748\/revisions\/1749"}],"wp:attachment":[{"href":"https:\/\/www.mfc-altensteig.de\/index.php?rest_route=%2Fwp%2Fv2%2Fmedia&parent=1748"}],"wp:term":[{"taxonomy":"post_tag","embeddable":true,"href":"https:\/\/www.mfc-altensteig.de\/index.php?rest_route=%2Fwp%2Fv2%2Ftags&post=1748"},{"taxonomy":"tribe_events_cat","embeddable":true,"href":"https:\/\/www.mfc-altensteig.de\/index.php?rest_route=%2Fwp%2Fv2%2Ftribe_events_cat&post=1748"}],"curies":[{"name":"wp","href":"https:\/\/api.w.org\/{rel}","templated":true}]}}

Helitreffen und Flugtag Böblingen

<div dir="ltr">Sehr geehrter Pilot, sehr geehrte Pilotin,</div>
<div dir="ltr">&nbsp;</div>
<div dir="ltr">im Jahre 2022 möchten wir wieder unsere Böblinger Modellflugtage bestehend aus dem Helitreffen &#8222;unter Freunden&#8220; am 24.09. und dem großen Schauflugtag am 25.09. stattfinden lassen.</div>
<div dir="ltr">&nbsp;</div>
<div dir="ltr">Wie immer lebt eine solche Veranstaltung von den Gastpiloten und der Vielfalt ihrer Modelle die an diesen Tagen das Publikum ins Staunen versetzen werden.</div>
<div dir="ltr">&nbsp;</div>
<div dir="ltr">Wir würden uns über zahlreiche Gäste freuen, auch gerne &#8222;nur&#8220; zum zuschauen 😉</div>
<div dir="ltr">&nbsp;</div>
<div dir="ltr">Wer aktiv am Helitreffen &#8222;unter Freunden&#8220; und/oder am Schauflugtag mit Modellen teilnehmen möchte &#8211; der kann sich auf <a class="moz-txt-link-abbreviated" href="http://www.boeblinger-modellflugtage.de">www.boeblinger-modellflugtage.de</a> online (Pilot und Modelle) anmelden. Wir werden an beiden Tagen eine elektronische &#8222;Rutschtafel&#8220; verwenden, eine online Anmeldung ist da dann die &#8222;Eintrittskarte&#8220; zum Fliegen.</div>
<div dir="ltr">&nbsp;</div>
<div dir="ltr">Wer in 2019 schon &#8222;dabei&#8220; war &#8211; dessen Daten sollten schon da sein. Bitte beachtet dann die Kurzanleitung auf der Startseite unten (kursiv) für den ersten Login.</div>
<div dir="ltr">&nbsp;</div>
<div dir="ltr">Wir freuen uns auf Euch!</div>
<div dir="ltr">&nbsp;</div>
<div dir="ltr">&nbsp;</div>
<div dir="ltr">&nbsp;</div>
<div dir="ltr">&nbsp;</div>
<div dir="ltr">Holm- und Rippenbruch</div>
<div dir="ltr">&nbsp;</div>
<div dir="ltr">MFV Böblingen</div>
<div dir="ltr">Benedikt Unger (1.Vorsitzender)</div>
<div dir="ltr">Sandra Ickinger (2.Vorsitzende)</div>
<div dir="ltr">Rainer Vetter (Helireferent)</div>

<p>Sehr geehrter Pilot, sehr geehrte Pilotin, &nbsp; im Jahre 2022 möchten wir wieder unsere Böblinger Modellflugtage bestehend aus dem Helitreffen &#8222;unter Freunden&#8220; am 24.09. und dem großen Schauflugtag am 25.09. [&hellip;]</p>
