{"id":147,"date":"2015-03-25T09:41:44","date_gmt":"2015-03-25T08:41:44","guid":{"rendered":"http:\/\/wordpress2.mfc-altensteig.de\/?page_id=147"},"modified":"2025-05-19T22:47:29","modified_gmt":"2025-05-19T20:47:29","slug":"gaestebuch","status":"publish","type":"page","link":"https:\/\/www.mfc-altensteig.de\/?page_id=147","title":{"rendered":"G\u00e4stebuch"},"content":{"rendered":"<p>Hier k\u00f6nnen Sie Ihre Kommentare hinterlassen. Bitte bedenken Sie, dass diese Kommentare nach einer Pr\u00fcfung durch den Verein hier ver\u00f6ffentlicht werden und f\u00fcr jedermann lesbar sind. Bitte beachten Sie dazu auch unsere <a href=\"http:\/\/www.mfc-altensteig.de\/?page_id=46#Datenschutzerklaerung\">Datenschutzerkl\u00e4rung<\/a>.<\/p>\n<p>Wenn Sie uns direkt eine Nachricht senden m\u00f6chten, nutzen Sie das <a href=\"http:\/\/www.mfc-altensteig.de\/?page_id=421\">Kontaktformular<\/a>.<\/p>\n\n\t<div id=\"respond\" class=\"comment-respond wp-block-post-comments-form\">\n\t\t<h3 id=\"reply-title\" class=\"comment-reply-title\">Schreibe einen Kommentar <small><a rel=\"nofollow\" id=\"cancel-comment-reply-link\" href=\"\/index.php?rest_route=%2Fwp%2Fv2%2Fpages%2F147#respond\" style=\"display:none;\">Antwort abbrechen<\/a><\/small><\/h3><form action=\"https:\/\/www.mfc-altensteig.de\/wp-comments-post.php\" method=\"post\" id=\"commentform\" class=\"comment-form\"><p class=\"comment-notes\"><span id=\"email-notes\">Deine E-Mail-Adresse wird nicht ver\u00f6ffentlicht.<\/span> <span class=\"required-field-message\">Erforderliche Felder sind mit <span class=\"required\">*<\/span> markiert<\/span><\/p><p class=\"comment-form-comment\"><label for=\"comment\">Kommentar <span class=\"required\">*<\/span><\/label> <textarea id=\"comment\" name=\"comment\" cols=\"45\" rows=\"8\" maxlength=\"65525\" required><\/textarea><\/p><p class=\"comment-form-author\"><label for=\"author\">Name <span class=\"required\">*<\/span><\/label> <input id=\"author\" name=\"author\" type=\"text\" value=\"\" size=\"30\" maxlength=\"245\" autocomplete=\"name\" required \/><\/p>\n<p class=\"comment-form-email\"><label for=\"email\">E-Mail-Adresse <span class=\"required\">*<\/span><\/label> <input id=\"email\" name=\"email\" type=\"email\" value=\"\" size=\"30\" maxlength=\"100\" aria-describedby=\"email-notes\" autocomplete=\"email\" required \/><\/p>\n<p class=\"comment-form-url\"><label for=\"url\">Website<\/label> <input id=\"url\" name=\"url\" type=\"url\" value=\"\" size=\"30\" maxlength=\"200\" autocomplete=\"url\" \/><\/p>\n<p class=\"form-submit wp-block-button\"><input name=\"submit\" type=\"submit\" id=\"submit\" class=\"wp-block-button__link wp-element-button\" value=\"Kommentar abschicken\" \/> <input type='hidden' name='comment_post_ID' value='147' id='comment_post_ID' \/>\n<input type='hidden' name='comment_parent' id='comment_parent' value='0' \/>\n<\/p><\/form>\t<\/div><!-- #respond -->\n\t\n\n\n<div class=\"wp-block-comments\"><ol class=\"wp-block-comment-template\"><li id=\"comment-19\" class=\"comment even thread-even depth-1\">\n\n<div class=\"wp-block-columns is-layout-flex wp-container-core-columns-is-layout-28f84493 wp-block-columns-is-layout-flex\">\n<div class=\"wp-block-column is-layout-flow wp-block-column-is-layout-flow\" style=\"flex-basis:40px\"><div class=\"wp-block-avatar\">  <\/div><\/div>\n\n\n\n<div class=\"wp-block-column is-layout-flow wp-block-column-is-layout-flow\"><div class=\"wp-block-comment-author-name has-small-font-size\">Rolf Gnutzmann<\/div>\n\n\n<div class=\"wp-block-group is-layout-flex wp-block-group-is-layout-flex\" style=\"margin-top:0px;margin-bottom:0px\"><div class=\"wp-block-comment-date has-small-font-size\"><time datetime=\"2025-05-18T21:22:56+02:00\"><a href=\"https:\/\/www.mfc-altensteig.de\/?page_id=147#comment-19\">18. Mai 2025<\/a><\/time><\/div>\n\n<\/div>\n\n\n<div class=\"wp-block-comment-content\"><p>Ein spontaner Besuch auf dem Modellflugplatz an einem Sonntag im Mai war ein tolles Erlebnis. Kaum angekommen wurde ich schon freundlich begr\u00fc\u00dft und die Folgenden Gespr\u00e4che mit den anwesenden Mitgliedern waren herzlich und freundlich. Keine Frage blieb offen und die ersten Aufforderungen an den weiteren Vereinstagen &#8222;reinzuschnuppern&#8220; und doch einen Flieger mitzubringen waren schnell ausgesprochen. Dieses kammeradschaftliche Verhalten gegen\u00fcber einem unbekannten Mitflieger finde ich sehr angenehm. Viele Gr\u00fc\u00dfe von einem Norddeutschen Modellflieger &#8211; Rolf Gnutzmann<\/p>\n<\/div>\n\n<div class=\"wp-block-comment-reply-link has-small-font-size\"><a rel=\"nofollow\" class=\"comment-reply-link\" href=\"https:\/\/www.mfc-altensteig.de\/?page_id=147&#038;replytocom=19#respond\" data-commentid=\"19\" data-postid=\"147\" data-belowelement=\"comment-19\" data-respondelement=\"respond\" data-replyto=\"Auf Rolf Gnutzmann antworten\" aria-label=\"Auf Rolf Gnutzmann antworten\">Antworten<\/a><\/div><\/div>\n<\/div>\n\n<\/li><li id=\"comment-17\" class=\"comment odd alt thread-odd thread-alt depth-1\">\n\n<div class=\"wp-block-columns is-layout-flex wp-container-core-columns-is-layout-28f84493 wp-block-columns-is-layout-flex\">\n<div class=\"wp-block-column is-layout-flow wp-block-column-is-layout-flow\" style=\"flex-basis:40px\"><div class=\"wp-block-avatar\">  <\/div><\/div>\n\n\n\n<div class=\"wp-block-column is-layout-flow wp-block-column-is-layout-flow\"><div class=\"wp-block-comment-author-name has-small-font-size\">Gerd V\u00f6lpel<\/div>\n\n\n<div class=\"wp-block-group is-layout-flex wp-block-group-is-layout-flex\" style=\"margin-top:0px;margin-bottom:0px\"><div class=\"wp-block-comment-date has-small-font-size\"><time datetime=\"2023-04-07T14:08:50+02:00\"><a href=\"https:\/\/www.mfc-altensteig.de\/?page_id=147#comment-17\">7. April 2023<\/a><\/time><\/div>\n\n<\/div>\n\n\n<div class=\"wp-block-comment-content\"><p>\u2618\ufe0f\u2618\ufe0f<\/p>\n<\/div>\n\n<div class=\"wp-block-comment-reply-link has-small-font-size\"><a rel=\"nofollow\" class=\"comment-reply-link\" href=\"https:\/\/www.mfc-altensteig.de\/?page_id=147&#038;replytocom=17#respond\" data-commentid=\"17\" data-postid=\"147\" data-belowelement=\"comment-17\" data-respondelement=\"respond\" data-replyto=\"Auf Gerd V\u00f6lpel antworten\" aria-label=\"Auf Gerd V\u00f6lpel antworten\">Antworten<\/a><\/div><\/div>\n<\/div>\n\n<\/li><li id=\"comment-16\" class=\"comment even thread-even depth-1\">\n\n<div class=\"wp-block-columns is-layout-flex wp-container-core-columns-is-layout-28f84493 wp-block-columns-is-layout-flex\">\n<div class=\"wp-block-column is-layout-flow wp-block-column-is-layout-flow\" style=\"flex-basis:40px\"><div class=\"wp-block-avatar\">  <\/div><\/div>\n\n\n\n<div class=\"wp-block-column is-layout-flow wp-block-column-is-layout-flow\"><div class=\"wp-block-comment-author-name has-small-font-size\">Jannik Jeremias<\/div>\n\n\n<div class=\"wp-block-group is-layout-flex wp-block-group-is-layout-flex\" style=\"margin-top:0px;margin-bottom:0px\"><div class=\"wp-block-comment-date has-small-font-size\"><time datetime=\"2017-08-28T10:58:21+02:00\"><a href=\"https:\/\/www.mfc-altensteig.de\/?page_id=147#comment-16\">28. August 2017<\/a><\/time><\/div>\n\n<\/div>\n\n\n<div class=\"wp-block-comment-content\"><p>Hallo Zusammen,<\/p>\n<p>jetzt bin ich auch Mitglied im Verein und freue mich auf viele sch\u00f6ne Stunden mit Euch.<br \/>\nMein Opa (Josef Lohrer) hat mich mit dem Hobby angesteckt \ud83d\ude42<\/p>\n<p>Lieben Gru\u00df<br \/>\nJannik Jeremias<\/p>\n<\/div>\n\n<div class=\"wp-block-comment-reply-link has-small-font-size\"><a rel=\"nofollow\" class=\"comment-reply-link\" href=\"https:\/\/www.mfc-altensteig.de\/?page_id=147&#038;replytocom=16#respond\" data-commentid=\"16\" data-postid=\"147\" data-belowelement=\"comment-16\" data-respondelement=\"respond\" data-replyto=\"Auf Jannik Jeremias antworten\" aria-label=\"Auf Jannik Jeremias antworten\">Antworten<\/a><\/div><\/div>\n<\/div>\n\n<\/li><li id=\"comment-15\" class=\"comment odd alt thread-odd thread-alt depth-1\">\n\n<div class=\"wp-block-columns is-layout-flex wp-container-core-columns-is-layout-28f84493 wp-block-columns-is-layout-flex\">\n<div class=\"wp-block-column is-layout-flow wp-block-column-is-layout-flow\" style=\"flex-basis:40px\"><div class=\"wp-block-avatar\">  <\/div><\/div>\n\n\n\n<div class=\"wp-block-column is-layout-flow wp-block-column-is-layout-flow\"><div class=\"wp-block-comment-author-name has-small-font-size\">Frank<\/div>\n\n\n<div class=\"wp-block-group is-layout-flex wp-block-group-is-layout-flex\" style=\"margin-top:0px;margin-bottom:0px\"><div class=\"wp-block-comment-date has-small-font-size\"><time datetime=\"2017-06-30T23:14:37+02:00\"><a href=\"https:\/\/www.mfc-altensteig.de\/?page_id=147#comment-15\">30. Juni 2017<\/a><\/time><\/div>\n\n<\/div>\n\n\n<div class=\"wp-block-comment-content\"><p>Hallo Titus<br \/>\nSch\u00f6ne Bilder von einem tollen Zeltlager!<br \/>\nGru\u00df<br \/>\nFrank<\/p>\n<\/div>\n\n<div class=\"wp-block-comment-reply-link has-small-font-size\"><a rel=\"nofollow\" class=\"comment-reply-link\" href=\"https:\/\/www.mfc-altensteig.de\/?page_id=147&#038;replytocom=15#respond\" data-commentid=\"15\" data-postid=\"147\" data-belowelement=\"comment-15\" data-respondelement=\"respond\" data-replyto=\"Auf Frank antworten\" aria-label=\"Auf Frank antworten\">Antworten<\/a><\/div><\/div>\n<\/div>\n\n<\/li><li id=\"comment-13\" class=\"comment even thread-even depth-1\">\n\n<div class=\"wp-block-columns is-layout-flex wp-container-core-columns-is-layout-28f84493 wp-block-columns-is-layout-flex\">\n<div class=\"wp-block-column is-layout-flow wp-block-column-is-layout-flow\" style=\"flex-basis:40px\"><div class=\"wp-block-avatar\">  <\/div><\/div>\n\n\n\n<div class=\"wp-block-column is-layout-flow wp-block-column-is-layout-flow\"><div class=\"wp-block-comment-author-name has-small-font-size\">Wilfried Raupp<\/div>\n\n\n<div class=\"wp-block-group is-layout-flex wp-block-group-is-layout-flex\" style=\"margin-top:0px;margin-bottom:0px\"><div class=\"wp-block-comment-date has-small-font-size\"><time datetime=\"2016-04-15T22:53:07+02:00\"><a href=\"https:\/\/www.mfc-altensteig.de\/?page_id=147#comment-13\">15. April 2016<\/a><\/time><\/div>\n\n<\/div>\n\n\n<div class=\"wp-block-comment-content\"><p>Hallo Titus und alle Modellflieger,<\/p>\n<p>die neue Webseite ist dir Titus super gelungen. So macht das was her und<br \/>\nes macht Spa\u00df immer mal wieder die Seite aufzurufen.<br \/>\nW\u00fcnsche allen eine Flugsaison mit herrlichen Fl\u00fcgen und m\u00f6glichst wenig Bruch.<\/p>\n<p>Gru\u00df<br \/>\nWilfried<\/p>\n<\/div>\n\n<div class=\"wp-block-comment-reply-link has-small-font-size\"><a rel=\"nofollow\" class=\"comment-reply-link\" href=\"https:\/\/www.mfc-altensteig.de\/?page_id=147&#038;replytocom=13#respond\" data-commentid=\"13\" data-postid=\"147\" data-belowelement=\"comment-13\" data-respondelement=\"respond\" data-replyto=\"Auf Wilfried Raupp antworten\" aria-label=\"Auf Wilfried Raupp antworten\">Antworten<\/a><\/div><\/div>\n<\/div>\n\n<\/li><li id=\"comment-12\" class=\"comment odd alt thread-odd thread-alt depth-1\">\n\n<div class=\"wp-block-columns is-layout-flex wp-container-core-columns-is-layout-28f84493 wp-block-columns-is-layout-flex\">\n<div class=\"wp-block-column is-layout-flow wp-block-column-is-layout-flow\" style=\"flex-basis:40px\"><div class=\"wp-block-avatar\">  <\/div><\/div>\n\n\n\n<div class=\"wp-block-column is-layout-flow wp-block-column-is-layout-flow\"><div class=\"wp-block-comment-author-name has-small-font-size\">Frank Wahl<\/div>\n\n\n<div class=\"wp-block-group is-layout-flex wp-block-group-is-layout-flex\" style=\"margin-top:0px;margin-bottom:0px\"><div class=\"wp-block-comment-date has-small-font-size\"><time datetime=\"2016-04-11T21:28:11+02:00\"><a href=\"https:\/\/www.mfc-altensteig.de\/?page_id=147#comment-12\">11. April 2016<\/a><\/time><\/div>\n\n<\/div>\n\n\n<div class=\"wp-block-comment-content\"><p>Hallo Titus<\/p>\n<p>Die Homepage hast du echt toll gemacht!<br \/>\nVielen Dank f\u00fcr den Pro Modellflug Aufruf, ein sehr sehr wichtiges Thema!<\/p>\n<p>Gru\u00df<br \/>\nFrank<\/p>\n<\/div>\n\n<div class=\"wp-block-comment-reply-link has-small-font-size\"><a rel=\"nofollow\" class=\"comment-reply-link\" href=\"https:\/\/www.mfc-altensteig.de\/?page_id=147&#038;replytocom=12#respond\" data-commentid=\"12\" data-postid=\"147\" data-belowelement=\"comment-12\" data-respondelement=\"respond\" data-replyto=\"Auf Frank Wahl antworten\" aria-label=\"Auf Frank Wahl antworten\">Antworten<\/a><\/div><\/div>\n<\/div>\n\n<\/li><li id=\"comment-7\" class=\"comment byuser comment-author-titus even thread-even depth-1\">\n\n<div class=\"wp-block-columns is-layout-flex wp-container-core-columns-is-layout-28f84493 wp-block-columns-is-layout-flex\">\n<div class=\"wp-block-column is-layout-flow wp-block-column-is-layout-flow\" style=\"flex-basis:40px\"><div class=\"wp-block-avatar\">  <\/div><\/div>\n\n\n\n<div class=\"wp-block-column is-layout-flow wp-block-column-is-layout-flow\"><div class=\"wp-block-comment-author-name has-small-font-size\">Titus Emanuel<\/div>\n\n\n<div class=\"wp-block-group is-layout-flex wp-block-group-is-layout-flex\" style=\"margin-top:0px;margin-bottom:0px\"><div class=\"wp-block-comment-date has-small-font-size\"><time datetime=\"2016-03-20T21:50:01+01:00\"><a href=\"https:\/\/www.mfc-altensteig.de\/?page_id=147#comment-7\">20. M\u00e4rz 2016<\/a><\/time><\/div>\n\n<\/div>\n\n\n<div class=\"wp-block-comment-content\"><p>Hallo Welt!<\/p>\n<p>Hier ist unsere neue Webseite. Ich hoffe Sie gef\u00e4llt euch. Termine d\u00fcrft ihr mir gerne zur Ver\u00f6ffentlichung senden. Auch sch\u00f6ne Fotos nehme ich gerne an.<\/p>\n<p>Gru\u00df<br \/>\nTitus<\/p>\n<\/div>\n\n<div class=\"wp-block-comment-reply-link has-small-font-size\"><a rel=\"nofollow\" class=\"comment-reply-link\" href=\"https:\/\/www.mfc-altensteig.de\/?page_id=147&#038;replytocom=7#respond\" data-commentid=\"7\" data-postid=\"147\" data-belowelement=\"comment-7\" data-respondelement=\"respond\" data-replyto=\"Auf Titus Emanuel antworten\" aria-label=\"Auf Titus Emanuel antworten\">Antworten<\/a><\/div><\/div>\n<\/div>\n\n<\/li><\/ol>\n\n<\/div>\n","protected":false},"excerpt":{"rendered":"<p>Hier k\u00f6nnen Sie Ihre Kommentare hinterlassen. Bitte bedenken Sie, dass diese Kommentare nach einer Pr\u00fcfung durch den Verein hier ver\u00f6ffentlicht werden und f\u00fcr jedermann lesbar sind. Bitte beachten Sie dazu [&hellip;]<\/p>\n","protected":false},"author":1,"featured_media":0,"parent":421,"menu_order":3,"comment_status":"open","ping_status":"closed","template":"","meta":{"ngg_post_thumbnail":0,"_EventAllDay":false,"_EventTimezone":"","_EventStartDate":"","_EventEndDate":"","_EventStartDateUTC":"","_EventEndDateUTC":"","_EventShowMap":false,"_EventShowMapLink":false,"_EventURL":"","_EventCost":"","_EventCostDescription":"","_EventCurrencySymbol":"","_EventCurrencyCode":"","_EventCurrencyPosition":"","_EventDateTimeSeparator":"","_EventTimeRangeSeparator":"","_EventOrganizerID":[],"_EventVenueID":[],"_OrganizerEmail":"","_OrganizerPhone":"","_OrganizerWebsite":"","_VenueAddress":"","_VenueCity":"","_VenueCountry":"","_VenueProvince":"","_VenueState":"","_VenueZip":"","_VenuePhone":"","_VenueURL":"","_VenueStateProvince":"","_VenueLat":"","_VenueLng":"","_VenueShowMap":false,"_VenueShowMapLink":false,"footnotes":""},"class_list":["post-147","page","type-page","status-publish","hentry"],"_links":{"self":[{"href":"https:\/\/www.mfc-altensteig.de\/index.php?rest_route=\/wp\/v2\/pages\/147","targetHints":{"allow":["GET"]}}],"collection":[{"href":"https:\/\/www.mfc-altensteig.de\/index.php?rest_route=\/wp\/v2\/pages"}],"about":[{"href":"https:\/\/www.mfc-altensteig.de\/index.php?rest_route=\/wp\/v2\/types\/page"}],"author":[{"embeddable":true,"href":"https:\/\/www.mfc-altensteig.de\/index.php?rest_route=\/wp\/v2\/users\/1"}],"replies":[{"embeddable":true,"href":"https:\/\/www.mfc-altensteig.de\/index.php?rest_route=%2Fwp%2Fv2%2Fcomments&post=147"}],"version-history":[{"count":10,"href":"https:\/\/www.mfc-altensteig.de\/index.php?rest_route=\/wp\/v2\/pages\/147\/revisions"}],"predecessor-version":[{"id":2086,"href":"https:\/\/www.mfc-altensteig.de\/index.php?rest_route=\/wp\/v2\/pages\/147\/revisions\/2086"}],"up":[{"embeddable":true,"href":"https:\/\/www.mfc-altensteig.de\/index.php?rest_route=\/wp\/v2\/pages\/421"}],"wp:attachment":[{"href":"https:\/\/www.mfc-altensteig.de\/index.php?rest_route=%2Fwp%2Fv2%2Fmedia&parent=147"}],"curies":[{"name":"wp","href":"https:\/\/api.w.org\/{rel}","templated":true}]}}