{"id":133,"date":"2017-08-29T08:04:03","date_gmt":"2017-08-29T06:04:03","guid":{"rendered":"http:\/\/wordpress2.mfc-altensteig.de\/?page_id=133"},"modified":"2020-09-05T13:27:20","modified_gmt":"2020-09-05T11:27:20","slug":"presse","status":"publish","type":"page","link":"https:\/\/www.mfc-altensteig.de\/?page_id=133","title":{"rendered":"Presseberichte"},"content":{"rendered":"<div id=\"id_cfcaeb5b_abeb_44cf_8486_759760c8f482\" class=\"contentbrick regPaidContent\">&nbsp;<\/div>\n<div id=\"id_8fb9e77b_47b4_4e83_a175_1037846ebc54\" class=\"brickgroup articleBody\">\n<div id=\"id_e8067794_3801_41c9_ae42_4d9d46127d84\" class=\"contentbrick regPaidContent\">\n<p>Man findet uns ab und zu auch mal in der Presse:<\/p>\n<ul>\n<li>Kinderferienprogramm 2020 <a href=\"https:\/\/www.schwarzwaelder-bote.de\/inhalt.altensteig-wuertt-kinder-duerfen-selbst-ein-modellflugzeug-steuern.2a9fb003-1459-4a64-b1f9-c410df4ee20f.html\" target=\"_blank\" rel=\"noopener noreferrer\">(Schwarzw\u00e4lder Bote vom 11.08.2020)<\/a><\/li>\n<li>Mitgliederversammlung 2020 <a href=\"https:\/\/www.schwarzwaelder-bote.de\/inhalt.altensteig-wuertt-emanuel-fuehrt-mfc.49bd42b9-582f-4a4c-9d83-6bd5d975ca62.html\">(Schwarzw\u00e4lder Bote vom 26.04.2020)<\/a><\/li>\n<li>Jubil\u00e4um 40 Jahre MFCA <a href=\"https:\/\/www.dmfv.aero\/sued\/mfc-altensteig-e-v-besteht-seit-40-jahren\/\">(DMFV-Webseite)<\/a><\/li>\n<li>Schnupperfliegen 2017 (<a href=\"http:\/\/www.schwarzwaelder-bote.de\/inhalt.altensteig-wuertt-angebot-soll-hemmschwelle-senken.ac631952-957f-443c-9bf0-e3c1d9077263.html\" target=\"_blank\" rel=\"noopener noreferrer\">Schwarzw\u00e4lder Bote vom 06.09.2017<\/a>)<\/li>\n<li>Schnupperfliegen 2017 (Blickpunkt Altensteig vom 23.08.2017 \/ Schwarzw\u00e4lder Bote vom 29.08.2017)<\/li>\n<li>Jugendzeltlager 2017 (<a href=\"https:\/\/www.altensteig.de\/ceasy\/modules\/core\/resources\/main.php?id=8932&amp;download=1\" target=\"_blank\" rel=\"noopener noreferrer\">Blickpunkt Altensteig vom 12.07.2017<\/a>)<\/li>\n<li>Schnupperfliegen 2016 (<a href=\"http:\/\/www.schwarzwaelder-bote.de\/inhalt.altensteig-wuertt-selber-ein-flugzeug-steuern.3b8f69e5-6ac0-451d-bc05-e597354b2cd3.html\" target=\"_blank\" rel=\"noopener noreferrer\">Schwarzw\u00e4lder Bote vom 15.06.2016<\/a>)<\/li>\n<li>Jugendzeltlager 2014 auf dem Aichelberg (<a href=\"http:\/\/www.schwarzwaelder-bote.de\/inhalt.bad-wildbad-abends-am-feuer-fachsimpeln.9606141c-65ea-46b5-9d17-e416f8e423ce.html\" target=\"_blank\" rel=\"noopener noreferrer\">Schwarzw\u00e4lder Bote vom 20.06.2014<\/a>)<\/li>\n<li>Jahreshauptversammlung 2014 (<a href=\"http:\/\/www.schwarzwaelder-bote.de\/inhalt.altensteig-wuertt-raupp-ist-zweiter-vorsitzender.16e1a08a-0eec-4652-9221-d3144fea609c.html\" target=\"_blank\" rel=\"noopener noreferrer\">Schwarzw\u00e4lder-Bote vom 24.01.2014<\/a>)<\/li>\n<li>Aircombat 2013 <a href=\"http:\/\/www.schwarzwaelder-bote.de\/inhalt.altensteig-wuertt-spektakulaere-jagd-nach-flatterband.b61b90cd-344b-47a8-8f67-83e08f9a64be.html\" target=\"_blank\" rel=\"noopener noreferrer\">(Schwarzw\u00e4lder Bote vom 29.07.2013<\/a>)<\/li>\n<li>Aircombat 2011 <a href=\"http:\/\/www.schwarzwaelder-bote.de\/inhalt.altensteig-wuertt-modellflieger-liefern-sich-luftkampf.0defe0c4-fdb6-4d21-8db1-2ef777f30984.html\" target=\"_blank\" rel=\"noopener noreferrer\">(Schwarzw\u00e4lder Bote vom 31.07.2011<\/a>)<\/li>\n<\/ul>\n<\/div>\n<\/div>\n","protected":false},"excerpt":{"rendered":"<p>&nbsp; Man findet uns ab und zu auch mal in der Presse: Kinderferienprogramm 2020 (Schwarzw\u00e4lder Bote vom 11.08.2020) Mitgliederversammlung 2020 (Schwarzw\u00e4lder Bote vom 26.04.2020) Jubil\u00e4um 40 Jahre MFCA (DMFV-Webseite) Schnupperfliegen [&hellip;]<\/p>\n","protected":false},"author":2,"featured_media":0,"parent":39,"menu_order":5,"comment_status":"closed","ping_status":"closed","template":"","meta":{"ngg_post_thumbnail":0,"_EventAllDay":false,"_EventTimezone":"","_EventStartDate":"","_EventEndDate":"","_EventStartDateUTC":"","_EventEndDateUTC":"","_EventShowMap":false,"_EventShowMapLink":false,"_EventURL":"","_EventCost":"","_EventCostDescription":"","_EventCurrencySymbol":"","_EventCurrencyCode":"","_EventCurrencyPosition":"","_EventDateTimeSeparator":"","_EventTimeRangeSeparator":"","_EventOrganizerID":[],"_EventVenueID":[],"_OrganizerEmail":"","_OrganizerPhone":"","_OrganizerWebsite":"","_VenueAddress":"","_VenueCity":"","_VenueCountry":"","_VenueProvince":"","_VenueState":"","_VenueZip":"","_VenuePhone":"","_VenueURL":"","_VenueStateProvince":"","_VenueLat":"","_VenueLng":"","_VenueShowMap":false,"_VenueShowMapLink":false,"footnotes":""},"class_list":["post-133","page","type-page","status-publish","hentry"],"_links":{"self":[{"href":"https:\/\/www.mfc-altensteig.de\/index.php?rest_route=\/wp\/v2\/pages\/133","targetHints":{"allow":["GET"]}}],"collection":[{"href":"https:\/\/www.mfc-altensteig.de\/index.php?rest_route=\/wp\/v2\/pages"}],"about":[{"href":"https:\/\/www.mfc-altensteig.de\/index.php?rest_route=\/wp\/v2\/types\/page"}],"author":[{"embeddable":true,"href":"https:\/\/www.mfc-altensteig.de\/index.php?rest_route=\/wp\/v2\/users\/2"}],"replies":[{"embeddable":true,"href":"https:\/\/www.mfc-altensteig.de\/index.php?rest_route=%2Fwp%2Fv2%2Fcomments&post=133"}],"version-history":[{"count":6,"href":"https:\/\/www.mfc-altensteig.de\/index.php?rest_route=\/wp\/v2\/pages\/133\/revisions"}],"predecessor-version":[{"id":1417,"href":"https:\/\/www.mfc-altensteig.de\/index.php?rest_route=\/wp\/v2\/pages\/133\/revisions\/1417"}],"up":[{"embeddable":true,"href":"https:\/\/www.mfc-altensteig.de\/index.php?rest_route=\/wp\/v2\/pages\/39"}],"wp:attachment":[{"href":"https:\/\/www.mfc-altensteig.de\/index.php?rest_route=%2Fwp%2Fv2%2Fmedia&parent=133"}],"curies":[{"name":"wp","href":"https:\/\/api.w.org\/{rel}","templated":true}]}}

<div id="id_cfcaeb5b_abeb_44cf_8486_759760c8f482" class="contentbrick regPaidContent">&nbsp;</div>
<div id="id_8fb9e77b_47b4_4e83_a175_1037846ebc54" class="brickgroup articleBody">
<div id="id_e8067794_3801_41c9_ae42_4d9d46127d84" class="contentbrick regPaidContent">
<p>Man findet uns ab und zu auch mal in der Presse:</p>
<ul>
<li>Kinderferienprogramm 2020 <a href="https://www.schwarzwaelder-bote.de/inhalt.altensteig-wuertt-kinder-duerfen-selbst-ein-modellflugzeug-steuern.2a9fb003-1459-4a64-b1f9-c410df4ee20f.html" target="_blank" rel="noopener noreferrer">(Schwarzwälder Bote vom 11.08.2020)</a></li>
<li>Mitgliederversammlung 2020 <a href="https://www.schwarzwaelder-bote.de/inhalt.altensteig-wuertt-emanuel-fuehrt-mfc.49bd42b9-582f-4a4c-9d83-6bd5d975ca62.html">(Schwarzwälder Bote vom 26.04.2020)</a></li>
<li>Jubiläum 40 Jahre MFCA <a href="https://www.dmfv.aero/sued/mfc-altensteig-e-v-besteht-seit-40-jahren/">(DMFV-Webseite)</a></li>
<li>Schnupperfliegen 2017 (<a href="http://www.schwarzwaelder-bote.de/inhalt.altensteig-wuertt-angebot-soll-hemmschwelle-senken.ac631952-957f-443c-9bf0-e3c1d9077263.html" target="_blank" rel="noopener noreferrer">Schwarzwälder Bote vom 06.09.2017</a>)</li>
<li>Schnupperfliegen 2017 (Blickpunkt Altensteig vom 23.08.2017 / Schwarzwälder Bote vom 29.08.2017)</li>
<li>Jugendzeltlager 2017 (<a href="https://www.altensteig.de/ceasy/modules/core/resources/main.php?id=8932&amp;download=1" target="_blank" rel="noopener noreferrer">Blickpunkt Altensteig vom 12.07.2017</a>)</li>
<li>Schnupperfliegen 2016 (<a href="http://www.schwarzwaelder-bote.de/inhalt.altensteig-wuertt-selber-ein-flugzeug-steuern.3b8f69e5-6ac0-451d-bc05-e597354b2cd3.html" target="_blank" rel="noopener noreferrer">Schwarzwälder Bote vom 15.06.2016</a>)</li>
<li>Jugendzeltlager 2014 auf dem Aichelberg (<a href="http://www.schwarzwaelder-bote.de/inhalt.bad-wildbad-abends-am-feuer-fachsimpeln.9606141c-65ea-46b5-9d17-e416f8e423ce.html" target="_blank" rel="noopener noreferrer">Schwarzwälder Bote vom 20.06.2014</a>)</li>
<li>Jahreshauptversammlung 2014 (<a href="http://www.schwarzwaelder-bote.de/inhalt.altensteig-wuertt-raupp-ist-zweiter-vorsitzender.16e1a08a-0eec-4652-9221-d3144fea609c.html" target="_blank" rel="noopener noreferrer">Schwarzwälder-Bote vom 24.01.2014</a>)</li>
<li>Aircombat 2013 <a href="http://www.schwarzwaelder-bote.de/inhalt.altensteig-wuertt-spektakulaere-jagd-nach-flatterband.b61b90cd-344b-47a8-8f67-83e08f9a64be.html" target="_blank" rel="noopener noreferrer">(Schwarzwälder Bote vom 29.07.2013</a>)</li>
<li>Aircombat 2011 <a href="http://www.schwarzwaelder-bote.de/inhalt.altensteig-wuertt-modellflieger-liefern-sich-luftkampf.0defe0c4-fdb6-4d21-8db1-2ef777f30984.html" target="_blank" rel="noopener noreferrer">(Schwarzwälder Bote vom 31.07.2011</a>)</li>
</ul>
</div>
</div>

<p>&nbsp; Man findet uns ab und zu auch mal in der Presse: Kinderferienprogramm 2020 (Schwarzwälder Bote vom 11.08.2020) Mitgliederversammlung 2020 (Schwarzwälder Bote vom 26.04.2020) Jubiläum 40 Jahre MFCA (DMFV-Webseite) Schnupperfliegen [&hellip;]</p>
